
Calculate the remainder when 10259 is divided by 4422.
1415
Calculate the remainder when 231510353 is divided by 818.
811
What is the remainder when 34473495 is divided by 500?
495
Calculate the remainder when 57063948 is divided by 356.
352
Calculate the remainder when 889873 is divided by 6801.
5743
What is the remainder when 51676545 is divided by 2936?
9
Calculate the remainder when 2501390 is divided by 1250651.
88
Calculate the remainder when 864028 is divided by 10667.
1
What is the remainder when 1432904 is divided by 2181?
2168
Calculate the remainder when 17817514 is divided by 1444.
1442
Calculate the remainder when 278182 is divided by 27389.
4292
Calculate the remainder when 3346491 is divided by 250.
241
What is the remainder when 12499388 is divided by 413?
356
What is the remainder when 64178225 is divided by 34?
29
Calculate the remainder when 6670 is divided by 254.
66
What is the remainder when 10706193 is divided by 1942?
1889
Calculate the remainder when 1494357 is divided by 215.
107
What is the remainder when 681432 is divided by 340688?
56
What is the remainder when 9682112 is divided by 333863?
85
Calculate the remainder when 46800 is divided by 5532.
2544
What is the remainder when 1170297 is divided by 18874?
109
What is the remainder when 494300 is divided by 8100?
200
What is the remainder when 325851 is divided by 162657?
537
Calculate the remainder when 112132 is divided by 1440.
1252
Calculate the remainder when 485018 is divided by 20158.
1226
Calculate the remainder when 11955636 is divided by 1285.
1281
Calculate the remainder when 1825325 is divided by 1825319.
6
What is the remainder when 937427 is divided by 28391?
524
Calculate the remainder when 1217531 is divided by 19020.
251
Calculate the remainder when 13157429 is divided by 1226.
1223
What is the remainder when 48571 is divided by 258?
67
Calculate the remainder when 22016129 is divided by 662.
657
What is the remainder when 471737 is divided by 227?
31
What is the remainder when 60494750 is divided by 334?
2
What is the remainder when 1627861 is divided by 44?
37
What is the remainder when 33946 is divided by 1012?
550
Calculate the remainder when 744379 is divided by 4653.
4552
Calculate the remainder when 36304 is divided by 17003.
2298
Calculate the remainder when 6483 is divided by 1227.
348
Calculate the remainder when 229618 is divided by 2068.
70
Calculate the remainder when 25815 is divided by 1027.
140
Calculate the remainder when 145166 is divided by 778.
458
Calculate the remainder when 474141924 is divided by 158047306.
6
What is the remainder when 138760 is divided by 3567?
3214
What is the remainder when 132877 is divided by 7935?
5917
What is the remainder when 28898885 is divided by 106?
105
Calculate the remainder when 218448 is divided by 38.
24
Calculate the remainder when 6057649 is divided by 1514409.
13
What is the remainder when 1810137 is divided by 46?
37
What is the remainder when 234771 is divided by 219?
3
What is the remainder when 32998927 is divided by 1591?
1587
What is the remainder when 875664 is divided by 34?
28
Calculate the remainder when 83601447 is divided by 13.
7
What is the remainder when 3423795 is divided by 190210?
15
What is the remainder when 379509 is divided by 211?
131
Calculate the remainder when 468458 is divided by 86.
16
Calculate the remainder when 2142504 is divided by 3924.
0
Calculate the remainder when 1877663 is divided by 74.
61
What is the remainder when 3712485 is divided by 9144?
21
What is the remainder when 9615298 is divided by 534176?
130
What is the remainder when 2317092 is divided by 100743?
3
Calculate the remainder when 28697 is divided by 1136.
297
Calculate the remainder when 511153 is divided by 63610.
2273
What is the remainder when 144452 is divided by 364?
308
Calculate the remainder when 8769712 is divided by 3539.
70
Calculate the remainder when 879811 is divided by 58.
9
Calculate the remainder when 17442105 is divided by 235704.
9
Calculate the remainder when 8726978 is divided by 712.
706
What is the remainder when 928909 is divided by 729?
163
Calculate the remainder when 551615 is divided by 2308.
3
Calculate the remainder when 2234954 is divided by 102.
32
What is the remainder when 2669951 is divided by 242722?
9
Calculate the remainder when 120858 is divided by 120691.
167
Calculate the remainder when 188355 is divided by 90.
75
Calculate the remainder when 82130940 is divided by 67.
62
Calculate the remainder when 113087 is divided by 968.
799
What is the remainder when 681004 is divided by 512?
44
What is the remainder when 441748 is divided by 33963?
229
Calculate the remainder when 13813837 is divided by 690691.
17
What is the remainder when 2031451 is divided by 146?
7
Calculate the remainder when 47121645 is divided by 1247.
9
Calculate the remainder when 135651 is divided by 1202.
1027
What is the remainder when 3820953 is divided by 38989?
31
Calculate the remainder when 3649975 is divided by 31.
4
What is the remainder when 65935 is divided by 2108?
587
Calculate the remainder when 240120749 is divided by 1018.
1017
Calculate the remainder when 9143988 is divided by 157.
151
What is the remainder when 2544206 is divided by 6441?
11
What is the remainder when 10576703 is divided by 258?
251
Calculate the remainder when 1342750 is divided by 933.
163
Calculate the remainder when 22138 is divided by 3646.
262
Calculate the remainder when 189363 is divided by 55.
53
Calculate the remainder when 10595947 is divided by 1324492.
11
What is the remainder when 13999170 is divided by 705?
690
What is the remainder when 3014167 is divided by 1772?
1767
What is the remainder when 62247 is divided by 1161?
714
What is the remainder when 50812 is divided by 1366?
270
Calculate the remainder when 130179382 is divided by 4678.
4676
Calculate the remainder when 1185069645 is divided by 48.
45
What is the remainder when 901477 is divided by 901409?
68
What is the remainder when 3977135 is divided by 484?
107
Calculate the remainder when 3865630 is divided by 376.
350
What is the remainder when 48803425 is divided by 903767?
7
Calculate the remainder when 469348 is divided by 1504.
100
What is the remainder when 199419 is divided by 2805?
264
Calculate the remainder when 47718 is divided by 2464.
902
What is the remainder when 617999 is divided by 205153?
2540
What is the remainder when 296826 is divided by 10?
6
What is the remainder when 49736 is divided by 129?
71
Calculate the remainder when 7341036 is divided by 77.
10
What is the remainder when 133623 is divided by 1353?
1029
What is the remainder when 95369 is divided by 153?
50
Calculate the remainder when 33599 is divided by 933.
11
What is the remainder when 116748 is divided by 116690?
58
Calculate the remainder when 8094896 is divided by 6.
2
Calculate the remainder when 965906 is divided by 22462.
40
Calculate the remainder when 1085799 is divided by 180966.
3
Calculate the remainder when 996652 is divided by 257.
6
What is the remainder when 2795551 is divided by 25185?
16
What is the remainder when 5498652 is divided by 345?
42
What is the remainder when 6553 is divided by 3156?
241
What is the remainder when 12762651 is divided by 232048?
11
Calculate the remainder when 285234313 is divided by 6608.
6601
What is the remainder when 1468007 is divided by 858?
827
What is the remainder when 347580 is divided by 24698?
1808
What is the remainder when 1124577 is divided by 187425?
27
Calculate the remainder when 22623165 is divided by 13.
6
Calculate the remainder when 21969355 is divided by 29.
28
Calculate the remainder when 2491655 is divided by 7.
5
Calculate the remainder when 282963 is divided by 3450.
63
Calculate the remainder when 8189935 is divided by 2729952.
79
What is the remainder when 1724021 is divided by 140?
61
What is the remainder when 1312999567 is divided by 59?
56
What is the remainder when 14510444 is divided by 2418400?
44
Calculate the remainder when 6753118 is divided by 450207.
13
Calculate the remainder when 29944650 is divided by 20.
10
What is the remainder when 2797305 is divided by 59?
56
What is the remainder when 375539 is divided by 123171?
6026
What is the remainder 